NOAA style reports

NOAA-style Climate Reports


Select a Year or Month report

Report for 2018 Nov
                   Monthly Climatological Summary for Nov 2018

Name: Conlig Weather Station   City: Newtownards   State: Co. Down
Elevation: 46 m  Lat: N 54 38 02   Lon: W 005 40 18

                  Temperature (°C), Rain (mm), Wind Speed (mph)

                                      Heat  Cool        Avg
    Mean                              Deg   Deg         Wind                 Dom
Day Temp  High   Time   Low    Time   Days  Days  Rain  Speed High   Time    Dir
----------------------------------------------------------------------------------
01   4.7   8.7   13:53   0.4   05:34  13.6   0.0   0.2   1.6  15.0   23:30     W
02   6.8  10.5   23:57   3.2   07:20  11.5   0.0   4.6   3.7  31.0   23:39   SSW
03  12.3  13.4   12:31  10.5   00:00   6.0   0.0   2.0   6.9  30.0   11:00     S
04   9.9  12.7   13:06   7.7   07:28   8.4   0.0   1.2   2.2  22.0   00:03     S
05  10.3  11.0   14:32   9.1   17:28   8.0   0.0   4.0   1.0  11.0   20:04    SE
06  11.4  12.3   14:40  10.3   17:19   6.9   0.0   6.2   4.8  26.0   15:35   SSE
07   9.5  12.4   10:10   3.8   23:53   8.8   0.0  11.2   2.6  21.0   06:09     S
08   7.6  10.7   13:59   2.8   03:03  10.7   0.0   4.0   2.5  21.0   14:36     S
09   9.7  11.2   12:55   8.5   22:33   8.6   0.0  15.4   4.6  30.0   16:36   SSE
10   7.3   8.7   00:01   3.8   23:57  11.0   0.0   0.2   1.4  17.0   02:23     S
11   6.8  10.0   13:36   2.8   05:33  11.5   0.0   1.4   1.8  18.0   16:22     S
12   8.9  11.4   11:35   7.0   07:53   9.4   0.0   0.0   2.7  19.0   11:32     S
13   9.5  11.7   13:47   7.2   05:51   8.8   0.0   0.2   4.5  24.0   23:53   SSW
14  12.3  13.1   12:16  11.2   00:00   6.0   0.0   3.4   7.0  27.0   14:32     S
15  11.5  13.1   11:25   7.3   23:21   6.8   0.0   0.8   5.8  32.0   10:26     S
16  10.2  13.1   13:16   4.4   03:39   8.1   0.0   0.0   2.3  22.0   13:13   SSE
17  10.2  12.0   00:00   8.9   20:01   8.2   0.0   0.0   3.7  19.0   23:27    SE
18   9.1  10.9   13:45   7.2   22:50   9.2   0.0   0.0   3.7  19.0   12:16   ESE
19   7.6   9.2   12:05   6.2   23:36  10.7   0.0   0.0   4.7  19.0   12:47     E
20   6.8   7.7   12:41   6.1   02:20  11.5   0.0   0.0   6.1  22.0   17:16   ENE
21   6.2   7.4   12:40   4.2   15:03  12.1   0.0   3.8   5.2  21.0   02:25     E
22   6.7   7.7   13:44   5.1   00:00  11.6   0.0   2.2   3.1  14.0   02:09   ESE
23   7.0   7.8   11:44   5.7   03:24  11.3   0.0   2.0   3.1  14.0   05:22     E
24   7.1   8.9   11:16   5.2   23:17  11.2   0.0   0.0   2.4  13.0   11:01     E
25   6.3   7.4   13:50   4.1   01:21  12.0   0.0   0.0   3.1  16.0   20:45     E
26   5.8   7.4   14:30   4.8   08:27  12.5   0.0   0.0   1.8  12.0   00:50   ESE
27   6.6   8.2   15:56   5.0   22:16  11.7   0.0   9.0   5.0  34.0   10:09    SE
28  10.4  12.9   11:29   7.7   00:00   7.9   0.0   5.2   7.5  37.0   16:22     S
29   7.9   9.5   03:36   5.9   09:17  10.4   0.0   8.2   4.2  25.0   16:17   SSW
----------------------------------------------------------------------------------
     8.5  13.4     3     0.4     1   284.4   0.0  85.2   3.8  37.0    28     SSE

Max >=  27.0  0
Max <=   0.0  0
Min <=   0.0  0
Min <= -18.0  0
Max Rain: 15.4 on day 9
Days of Rain: 20 (>= 0.2 mm)  14 (>= 2.0 mm)  0 (>= 20.0 mm)
Heat Base: 18.3  Cool Base: 18.3  Method: Integration