NOAA style reports

NOAA-style Climate Reports



Report for 2018
                  Yearly Climatological Summary for 2018

Elevation: 48m
Latitude:  54.634
Longitude: -5.672

Temperature in °C, Rain in mm, Wind Speed in mph and Pressure in hPa

      AVG                                   AVG              DOM
MON   TEMP   HIGH   DAY   LOW   DAY  RAIN  WIND  HIGH   DAY  DIR   BAROM HUM
----------------------------------------------------------------------------
 01    5.0   12.8    28  -2.7    07  60.2  11.4  40.0    02  219  1004.5  87
 02    3.9   12.8    19  -3.0    28  19.0  10.6  36.9    14  217  1015.0  82
 03    4.6   11.8    24  -3.4    01  49.0  10.9  33.1    01  110  1001.1  82
 04    8.1   17.3    20   0.8    05  39.0   9.4  36.0    17  155  1007.5  83
 05   12.1   22.6    27   3.4    12  15.4   8.3  28.0    11  186  1017.0  78
 06   15.5   27.0    29   7.8    24  13.6   7.0  36.9    14  018  1018.2  72
 07   16.4   25.9    22   8.6    29  20.2   7.0  31.1    28  284  1014.9  77
 08   14.9   23.3    15   7.8    31  31.6   7.5  25.9    01  240  1012.8  83
 09   12.6   21.3    02   4.7    24  18.4   9.8  47.0    19  234  1016.4  80
 10   10.4   18.4    10  -0.2    30  26.6   9.2  33.1    12  229  1015.2  81
 11    8.4   13.4    03   0.4    01  43.6  10.7  36.9    28  157  1005.8  86
 12    7.3   12.4    29   1.0    04  51.8   3.4  41.0    18  201  1009.0  89
----------------------------------------------------------------------------
YEAR   9.9   27.0 29/06  -3.4 01/03  388.4   8.8  47.0 19/09  SSW  1011.5  82