NOAA style reports

NOAA-style Climate Reports


Select a Year or Month report

Report for 2015 Dec
                   MONTHLY CLIMATOLOGICAL SUMMARY for Dec 2015


NAME: Conlig WX, Co. Down                  
ELEV: 170 feet    LAT: 54-38.04 N    LONG: 005-40.26 W


                   TEMPERATURE (°), RAIN (in), WIND SPEED (mph)

                                         HEAT   COOL         AVG
      MEAN                               DEG    DEG          WIND                   DOM
DAY   TEMP   HIGH   TIME    LOW   TIME   DAYS   DAYS   RAIN  SPEED   HIGH   TIME    DIR
---------------------------------------------------------------------------------------
 01   50.1   56.7  14:07   38.6  00:00   14.9    0.0   0.54    4.3   23.0  09:44    225
 02   48.7   54.4  08:12   42.1  21:30   16.3    0.0   0.02    3.5   24.0  01:48    217
 03   40.6   42.5  00:00   37.8  23:07   24.4    0.0   0.84    1.2   18.0  17:28    277
 04   47.1   53.1  17:25   39.2  00:00   17.9    0.0   0.02    7.1   32.0  22:33    229
 05   53.3   56.3  22:20   51.1  02:03   11.7    0.0   0.20    9.1   32.0  03:15    226
 06   44.5   55.4  00:00   38.6  18:10   20.5    0.0   0.12    2.7   28.0  03:20    237
 07   51.6   54.3  13:44   40.8  00:00   13.4    0.0   0.30    7.1   32.0  11:54    184
 08   45.8   53.6  00:00   36.6  23:35   19.2    0.0   0.03    4.4   24.0  00:58    220
 09   48.3   53.8  15:23   37.0  00:19   16.7    0.0   0.17    6.9   33.0  14:29    219
 10   40.9   47.7  00:00   33.2  22:00   24.1    0.0   0.22    3.5   18.0  05:03    236
 11   38.7   42.7  14:23   33.6  02:08   26.3    0.0   0.01    4.6   24.0  12:48    250
 12   39.1   42.3  17:06   35.9  08:32   25.9    0.0   0.68    1.8   17.0  12:03     55
 13   40.1   47.4  22:49   31.1  08:12   24.9    0.0   0.09    0.6    9.0  14:55    162
 14   46.1   48.3  15:07   41.7  08:30   18.9    0.0   0.09    1.2   15.0  22:01    124
 15   48.9   53.1  23:39   45.7  00:05   16.1    0.0   0.13    4.3   19.0  19:29    136
 16   52.8   54.6  13:43   51.4  18:13   12.2    0.0   0.11    3.4   23.0  21:40    214
 17   53.2   55.1  13:18   51.5  23:27   11.8    0.0   0.06    5.7   23.0  03:51    213
 18   51.7   53.9  23:21   49.3  05:03   13.3    0.0   0.08    5.2   20.0  16:15    211
 19   53.4   55.5  11:48   49.0  23:57   11.6    0.0   0.13    5.6   23.0  09:56    202
 20   47.4   49.9  13:40   42.8  23:56   17.6    0.0   0.00    4.9   27.0  10:16    230
 21   45.0   48.8  12:28   40.3  05:08   20.0    0.0   0.20    5.5   27.0  10:01    230
 22   48.4   56.8  05:54   43.7  23:59   16.6    0.0   0.40    6.1   33.0  00:55    222
 23   44.5   51.4  22:22   39.6  07:42   20.5    0.0   0.05    8.0   35.0  18:58    215
 24   41.3   50.2  00:00   36.4  22:31   23.7    0.0   0.32    6.4   29.0  10:58    239
 25   38.3   40.9  22:26   35.6  04:19   26.7    0.0   0.65    2.5   22.0  00:25    207
 26   42.0   44.3  10:02   40.2  21:01   23.0    0.0   0.50    1.5   21.0  23:38    265
 27   42.0   52.4  23:26   31.1  09:05   23.0    0.0   0.02    2.8   23.0  22:35    210
 28   52.1   53.5  16:35   48.4  23:59   12.9    0.0   0.48    6.1   25.0  13:49    174
 29   47.1   53.0  23:58   42.9  04:39   17.9    0.0   0.41    7.1   40.0  21:20    190
 30   46.2   53.5  04:52   37.6  21:55   18.8    0.0   1.15    6.9   38.0  05:48    201
 31   39.4   43.3  12:58   34.3  23:53   25.6    0.0   0.32    2.9   25.0  16:04    234
---------------------------------------------------------------------------------------
      46.1   56.8     22   31.1     13  586.6    0.0   8.34    4.6   40.0     29    214