NOAA style reports

NOAA-style Climate Reports


Select a Year or Month report

Report for 2019 Jan
                  Monthly Climatological Summary for Jan 2019

Elevation: 48m
Latitude:  54.634
Longitude: -5.672

Temperature in °C, Rain in mm, Wind Speed in mph and Pressure in hPa

      AVG                                      AVG                 DOM
DAY   TEMP   HIGH   TIME   LOW   TIME   RAIN   WIND   HIGH   TIME  DIR   BAROM HUM
----------------------------------------------------------------------------------
 01    7.6   10.1  01:07   2.9  23:56    0.2    2.3   14.1  00:05  300  1036.9  82
 02    5.2    5.9  12:05   2.3  00:35    0.0    1.0    9.0  11:57  147  1043.3  79
 03    6.2    7.0  14:48   5.3  04:50    0.0    0.6    8.1  17:46  187  1041.0  85
 04    5.7    6.8  00:37   4.1  23:51    0.0    1.8   10.1  13:10  229  1040.9  78
 05    6.0    7.6  23:57   4.2  00:00    0.0    2.1   12.1  12:20  210  1036.7  81
 06    8.9    9.9  21:00   7.4  00:16    0.0    3.2   13.0  21:51  217  1034.0  90
 07    9.8   11.9  07:26   7.4  22:48    0.2    6.2   25.1  15:21  252  1027.5  84
 08    7.4    8.8  12:28   6.5  20:58    0.2    4.5   21.0  01:48  297  1031.4  75
 09    6.2    7.7  12:49   4.1  09:24    0.0    1.3    9.0  00:14  268  1032.8  83
 10    8.9   10.4  10:11   6.9  23:59    0.0    1.9   10.1  09:15  288  1031.9  85
 11    8.4    9.6  12:55   6.9  00:00    0.0    2.5   17.0  19:31  255  1030.4  87
 12    9.6   11.4  14:58   8.0  06:35    0.2    5.5   25.1  23:44  268  1020.1  85
 13    9.1   10.9  10:07   7.1  22:07    0.0    6.8   30.0  01:57  274  1013.6  82
 14    7.5    8.4  14:24   6.4  08:42    0.0    3.9   19.0  02:12  254  1019.5  81
 15    8.4    9.6  12:26   7.3  07:00    0.0    4.8   19.0  03:16  215  1010.9  87
 16                  :            :             2.9    2.9  00:00  226            
----------------------------------------------------------------------------------
MONTH  7.7   11.9  07      2.3  02       0.8    3.2   30.0  13     WSW  1030.1  83