NOAA-Style Climate Reports
Select a Year or Month report
2024: Jan Feb Mar Apr May Jun Jul Aug Sep Oct Nov Dec
2023: Jan Feb Mar Apr May Jun Jul Aug Sep Oct Nov Dec
2022: Jan Feb Mar Apr May Jun Jul Aug Sep Oct Nov Dec
2021: Jan Feb Mar Apr May Jun Jul Aug Sep Oct Nov Dec
2020: Jan Feb Mar Apr May Jun Jul Aug Sep Oct Nov Dec
2019: Jan Feb Mar Apr May Jun Jul Aug Sep Oct Nov Dec
2018: Jan Feb Mar Apr May Jun Jul Aug Sep Oct Nov Dec
2017: Jan Feb Mar Apr May Jun Jul Aug Sep Oct Nov Dec
2016: Jan Feb Mar Apr May Jun Jul Aug Sep Oct Nov Dec
2015: Jan Feb Mar Apr May Jun Jul Aug Sep Oct Nov Dec
2014: Jan Feb Mar Apr May Jun Jul Aug Sep Oct Nov Dec
2013: Jan Feb Mar Apr May Jun Jul Aug Sep Oct Nov Dec
2024: Jan Feb Mar Apr May Jun Jul Aug Sep Oct Nov Dec
2023: Jan Feb Mar Apr May Jun Jul Aug Sep Oct Nov Dec
2022: Jan Feb Mar Apr May Jun Jul Aug Sep Oct Nov Dec
2021: Jan Feb Mar Apr May Jun Jul Aug Sep Oct Nov Dec
2020: Jan Feb Mar Apr May Jun Jul Aug Sep Oct Nov Dec
2019: Jan Feb Mar Apr May Jun Jul Aug Sep Oct Nov Dec
2018: Jan Feb Mar Apr May Jun Jul Aug Sep Oct Nov Dec
2017: Jan Feb Mar Apr May Jun Jul Aug Sep Oct Nov Dec
2016: Jan Feb Mar Apr May Jun Jul Aug Sep Oct Nov Dec
2015: Jan Feb Mar Apr May Jun Jul Aug Sep Oct Nov Dec
2014: Jan Feb Mar Apr May Jun Jul Aug Sep Oct Nov Dec
2013: Jan Feb Mar Apr May Jun Jul Aug Sep Oct Nov Dec
Report for 2020 September
Monthly Climatological Summary for Sep 2020 Name: Conlig Weather Station City: Newtownards State: Co. Down Elevation: 46 ft Lat: N 54° 38' 02" Lon: W 005° 40' 18" Temperature (°C), Rain (mm), Wind Speed (mph) Heat Cool Avg Mean Deg Deg Wind Dom Day Temp High Time Low Time Days Days Rain Speed High Time Dir ---------------------------------------------------------------------------------- 01 15.0 17.8 16:42 12.3 05:31 3.3 0.0 0.0 3.0 19.0 15:47 S 02 15.5 17.3 22:00 13.6 07:27 2.8 0.0 22.0 5.4 24.0 09:07 S 03 15.0 18.7 13:20 11.6 23:41 3.3 0.0 2.8 2.7 19.0 14:51 WSW 04 13.5 18.1 14:22 10.8 04:08 4.8 0.0 0.4 3.4 26.0 15:56 WSW 05 12.7 15.3 14:47 10.9 03:58 5.6 0.0 0.4 1.6 15.0 14:32 W 06 13.8 16.6 14:25 11.5 03:40 4.5 0.0 0.0 0.7 11.0 10:19 NW 07 15.4 18.5 18:30 12.2 01:21 2.9 0.0 9.4 2.3 17.0 11:36 SW 08 18.4 21.9 17:28 16.0 06:35 0.9 0.9 0.0 3.3 19.0 23:01 SW 09 14.2 17.9 00:00 10.8 23:57 4.1 0.0 0.0 3.3 19.0 09:59 WNW 10 12.2 14.6 13:58 10.1 02:39 6.0 0.0 0.0 2.1 16.0 14:19 SW 11 13.1 16.7 16:36 11.7 02:30 4.9 0.0 1.0 3.3 26.0 07:21 SW 12 13.3 16.3 15:22 10.4 05:21 5.0 0.0 2.6 4.0 21.0 22:43 SW 13 18.0 22.4 16:29 14.8 23:22 1.2 0.9 0.0 5.1 28.0 10:43 SW 14 16.2 19.8 15:13 14.7 00:23 2.1 0.1 0.0 0.9 10.0 02:33 S 15 17.8 23.6 15:56 14.9 04:57 1.7 1.2 6.8 0.4 8.0 11:39 WSW 16 15.2 17.1 15:06 13.7 23:59 3.1 0.0 0.0 1.2 11.0 12:41 E 17 14.3 18.2 14:24 11.6 23:54 4.0 0.0 0.0 1.4 12.0 09:26 ESE 18 12.9 16.2 13:52 9.2 07:38 5.4 0.0 0.0 1.0 11.0 14:07 E 19 12.5 15.7 14:21 9.6 06:57 5.8 0.0 0.0 1.7 16.0 11:39 ENE 20 12.0 16.2 16:01 8.0 07:39 6.3 0.0 0.0 0.3 9.0 11:10 E 21 12.2 14.9 16:54 8.9 02:56 6.1 0.0 0.0 0.3 9.0 13:26 WSW 22 13.5 17.5 14:07 11.2 23:57 4.8 0.0 1.4 3.6 23.0 12:54 SW 23 10.4 13.4 14:09 5.7 23:56 7.9 0.0 0.4 1.2 14.0 06:47 NNW 24 8.4 11.8 14:42 3.9 04:36 9.9 0.0 1.6 2.6 21.0 09:00 ENE 25 9.9 13.3 15:15 6.7 04:56 8.1 0.0 0.4 3.7 26.0 13:38 NW 26 10.2 13.6 16:04 7.3 23:45 8.1 0.0 0.0 2.8 16.0 11:10 NNW 27 10.9 14.3 16:09 6.7 04:36 2.4 0.0 0.0 1.0 12.0 18:13 S 28 12.9 17.6 15:48 9.3 23:32 5.4 0.0 0.4 1.5 13.0 05:48 SW 29 10.9 15.5 13:00 5.2 07:39 7.4 0.0 0.0 2.0 22.0 23:50 S 30 11.9 15.3 12:49 8.2 23:58 6.2 0.0 17.2 3.6 26.0 01:00 SSW ---------------------------------------------------------------------------------- 13.4 23.6 15 3.9 24 144.0 3.1 66.8 2.3 28.0 13 SW Max >= 27.0 0 Max <= 0.0 0 Min <= 0.0 0 Min <= -18.0 0 Max Rain: 22.0 on day 2 Days of Rain: 14 (>= 0.2 mm) 6 (>= 2.0 mm) 1 (>= 20.0 mm) Heat Base: 18.3 Cool Base: 18.3 Method: Integration