NOAA-Style Climate Reports
Select a Year or Month report
2024: Jan Feb Mar Apr May Jun Jul Aug Sep Oct Nov Dec
2023: Jan Feb Mar Apr May Jun Jul Aug Sep Oct Nov Dec
2022: Jan Feb Mar Apr May Jun Jul Aug Sep Oct Nov Dec
2021: Jan Feb Mar Apr May Jun Jul Aug Sep Oct Nov Dec
2020: Jan Feb Mar Apr May Jun Jul Aug Sep Oct Nov Dec
2019: Jan Feb Mar Apr May Jun Jul Aug Sep Oct Nov Dec
2018: Jan Feb Mar Apr May Jun Jul Aug Sep Oct Nov Dec
2017: Jan Feb Mar Apr May Jun Jul Aug Sep Oct Nov Dec
2016: Jan Feb Mar Apr May Jun Jul Aug Sep Oct Nov Dec
2015: Jan Feb Mar Apr May Jun Jul Aug Sep Oct Nov Dec
2014: Jan Feb Mar Apr May Jun Jul Aug Sep Oct Nov Dec
2013: Jan Feb Mar Apr May Jun Jul Aug Sep Oct Nov Dec
2024: Jan Feb Mar Apr May Jun Jul Aug Sep Oct Nov Dec
2023: Jan Feb Mar Apr May Jun Jul Aug Sep Oct Nov Dec
2022: Jan Feb Mar Apr May Jun Jul Aug Sep Oct Nov Dec
2021: Jan Feb Mar Apr May Jun Jul Aug Sep Oct Nov Dec
2020: Jan Feb Mar Apr May Jun Jul Aug Sep Oct Nov Dec
2019: Jan Feb Mar Apr May Jun Jul Aug Sep Oct Nov Dec
2018: Jan Feb Mar Apr May Jun Jul Aug Sep Oct Nov Dec
2017: Jan Feb Mar Apr May Jun Jul Aug Sep Oct Nov Dec
2016: Jan Feb Mar Apr May Jun Jul Aug Sep Oct Nov Dec
2015: Jan Feb Mar Apr May Jun Jul Aug Sep Oct Nov Dec
2014: Jan Feb Mar Apr May Jun Jul Aug Sep Oct Nov Dec
2013: Jan Feb Mar Apr May Jun Jul Aug Sep Oct Nov Dec
Report for 2020 June
Monthly Climatological Summary for Jun 2020 Elevation: 45m Latitude: 54.634 Longitude: -5.672 Temperature in °C, Rain in mm, Wind Speed in mph and Pressure in hPa AVG AVG DOM DAY TEMP HIGH TIME LOW TIME RAIN WIND HIGH TIME DIR BAROM HUM ---------------------------------------------------------------------------------- 01 17.3 22.9 17:47 10.1 05:13 0.0 1.3 13.0 10:50 196 1025.9 62 02 16.6 23.8 12:30 11.8 05:39 0.0 1.1 15.0 16:20 333 1020.7 70 03 12.4 14.9 14:59 10.0 07:12 0.6 4.3 21.0 11:33 348 1015.7 76 04 11.0 13.2 15:29 9.5 07:16 0.6 3.1 17.9 18:41 308 1005.6 82 05 9.7 12.9 11:16 6.9 22:53 0.8 6.8 31.1 13:19 307 999.6 73 06 10.8 13.1 17:32 7.4 00:20 2.0 5.5 26.0 08:48 311 999.6 86 07 12.4 16.6 14:35 8.4 23:58 0.0 5.0 23.0 06:10 326 1011.6 76 08 11.2 15.5 15:03 7.3 03:11 0.0 1.7 11.0 13:42 074 1020.3 78 09 11.4 14.2 11:17 9.6 04:12 2.0 1.2 10.1 17:51 015 1019.8 80 10 11.7 14.6 11:26 10.2 01:43 1.4 1.8 11.0 14:58 000 1013.9 84 11 12.4 15.3 15:45 10.2 06:05 1.6 4.0 23.0 14:21 033 1020.6 83 12 12.3 15.9 15:22 10.8 08:09 5.2 2.9 20.0 06:45 014 1013.9 90 13 13.7 17.9 14:47 11.3 03:54 0.0 1.5 12.1 14:31 007 1011.2 90 14 15.4 18.7 16:04 11.9 05:04 0.2 1.7 12.1 10:16 351 1015.2 87 15 15.3 20.7 15:40 12.9 08:12 0.0 1.1 11.0 03:47 000 1016.3 89 16 14.7 18.7 14:57 11.3 03:07 0.0 1.4 14.1 15:35 351 1015.6 89 17 14.9 18.1 16:16 12.6 04:59 0.6 1.6 12.1 15:09 355 1014.6 88 18 15.0 18.6 17:14 12.3 04:03 1.4 1.2 11.0 10:10 004 1012.2 87 19 13.9 17.3 14:18 12.2 21:08 3.6 1.9 12.1 05:05 143 1009.8 93 20 14.3 17.8 11:38 10.8 05:21 2.0 4.6 30.0 16:26 188 1012.8 84 21 14.4 18.2 15:32 11.8 06:05 7.0 4.0 25.9 01:04 218 1009.4 82 22 13.4 16.7 15:48 9.5 04:07 2.0 6.3 30.0 19:16 186 1014.9 91 23 14.7 16.4 14:31 13.6 03:31 3.8 2.7 17.0 17:46 183 1017.7 95 24 15.4 19.6 15:28 12.4 05:44 0.0 2.2 12.1 01:09 230 1020.5 89 25 18.0 23.5 17:07 13.6 00:00 0.0 1.9 13.0 08:51 005 1015.8 79 26 16.6 21.4 14:22 13.4 23:46 0.0 2.6 17.9 16:48 161 1006.2 88 27 13.4 15.7 15:40 10.9 23:11 5.0 4.0 21.0 20:06 179 996.3 94 28 11.7 13.7 12:41 10.8 00:29 4.0 7.9 30.0 12:43 230 995.8 91 29 14.1 17.8 14:05 11.4 00:00 2.2 5.3 26.0 00:11 261 1000.0 85 30 13.9 16.7 14:06 12.2 07:36 1.4 1.5 15.0 00:41 227 1002.9 88 ---------------------------------------------------------------------------------- MONTH 13.7 23.8 02 6.9 05 47.4 3.1 31.1 05 NW 1011.8 84