NOAA-Style Climate Reports
Select a Year or Month report
2024: Jan Feb Mar Apr May Jun Jul Aug Sep Oct Nov Dec
2023: Jan Feb Mar Apr May Jun Jul Aug Sep Oct Nov Dec
2022: Jan Feb Mar Apr May Jun Jul Aug Sep Oct Nov Dec
2021: Jan Feb Mar Apr May Jun Jul Aug Sep Oct Nov Dec
2020: Jan Feb Mar Apr May Jun Jul Aug Sep Oct Nov Dec
2019: Jan Feb Mar Apr May Jun Jul Aug Sep Oct Nov Dec
2018: Jan Feb Mar Apr May Jun Jul Aug Sep Oct Nov Dec
2017: Jan Feb Mar Apr May Jun Jul Aug Sep Oct Nov Dec
2016: Jan Feb Mar Apr May Jun Jul Aug Sep Oct Nov Dec
2015: Jan Feb Mar Apr May Jun Jul Aug Sep Oct Nov Dec
2014: Jan Feb Mar Apr May Jun Jul Aug Sep Oct Nov Dec
2013: Jan Feb Mar Apr May Jun Jul Aug Sep Oct Nov Dec
2024: Jan Feb Mar Apr May Jun Jul Aug Sep Oct Nov Dec
2023: Jan Feb Mar Apr May Jun Jul Aug Sep Oct Nov Dec
2022: Jan Feb Mar Apr May Jun Jul Aug Sep Oct Nov Dec
2021: Jan Feb Mar Apr May Jun Jul Aug Sep Oct Nov Dec
2020: Jan Feb Mar Apr May Jun Jul Aug Sep Oct Nov Dec
2019: Jan Feb Mar Apr May Jun Jul Aug Sep Oct Nov Dec
2018: Jan Feb Mar Apr May Jun Jul Aug Sep Oct Nov Dec
2017: Jan Feb Mar Apr May Jun Jul Aug Sep Oct Nov Dec
2016: Jan Feb Mar Apr May Jun Jul Aug Sep Oct Nov Dec
2015: Jan Feb Mar Apr May Jun Jul Aug Sep Oct Nov Dec
2014: Jan Feb Mar Apr May Jun Jul Aug Sep Oct Nov Dec
2013: Jan Feb Mar Apr May Jun Jul Aug Sep Oct Nov Dec
Report for 2020 April
Monthly Climatological Summary for Apr 2020 Elevation: 45m Latitude: 54.634 Longitude: -5.672 Temperature in °C, Rain in mm, Wind Speed in mph and Pressure in hPa AVG AVG DOM DAY TEMP HIGH TIME LOW TIME RAIN WIND HIGH TIME DIR BAROM HUM ---------------------------------------------------------------------------------- 01 7.5 10.6 15:58 5.2 06:56 0.2 3.3 17.9 16:36 288 1025.2 82 02 8.2 11.7 12:35 5.3 21:34 0.0 4.2 27.1 10:23 285 1015.3 82 03 7.6 12.6 15:03 4.6 02:25 0.2 2.0 19.0 13:13 250 1015.2 81 04 8.4 11.5 12:59 6.0 05:27 0.0 3.7 23.0 16:08 189 1013.8 85 05 10.7 13.8 15:23 8.0 06:55 1.4 5.8 38.0 20:32 168 1004.1 82 06 10.2 13.8 15:47 7.1 23:12 0.0 4.5 25.9 00:07 227 1011.2 76 07 8.7 13.7 13:56 3.9 07:15 0.0 3.2 23.0 17:07 190 1026.2 79 08 11.6 16.7 15:11 6.9 02:32 0.0 2.2 12.1 11:16 205 1024.9 75 09 10.8 13.5 14:52 8.8 06:55 0.0 1.7 14.1 13:02 078 1025.8 84 10 11.4 15.8 13:48 7.4 06:31 0.0 1.3 14.1 15:04 153 1022.8 87 11 13.5 17.2 19:17 9.1 23:11 0.0 1.4 16.1 11:07 216 1021.1 82 12 9.5 11.9 14:28 7.6 06:27 0.0 2.3 16.1 13:09 023 1017.7 83 13 6.3 8.6 14:13 3.1 23:58 0.0 3.3 17.9 10:23 075 1031.3 69 14 7.7 14.1 15:13 0.8 04:16 0.0 1.8 16.1 16:23 155 1028.2 77 15 7.9 12.4 13:15 2.1 06:23 0.0 1.2 10.1 17:25 005 1023.2 82 16 10.4 15.1 16:43 7.4 00:54 0.0 3.0 17.0 01:26 018 1018.6 83 17 9.6 13.7 15:23 6.0 05:28 0.0 3.8 17.0 12:56 091 1019.6 79 18 7.9 11.6 15:53 4.8 06:15 0.0 3.5 16.1 10:36 109 1020.5 77 19 9.6 14.0 17:09 7.0 06:20 0.0 2.9 15.0 13:53 107 1023.1 75 20 9.9 14.8 16:45 5.6 05:28 0.0 4.3 19.0 18:35 105 1024.1 69 21 10.9 16.3 15:59 6.3 02:52 0.0 5.4 21.0 14:07 089 1024.1 69 22 11.0 16.1 16:18 6.5 04:48 0.0 1.9 13.0 09:38 031 1025.6 76 23 10.6 13.7 16:42 7.6 05:38 0.0 1.2 10.1 10:00 017 1023.2 77 24 11.5 17.7 17:54 5.6 06:28 0.0 1.0 10.1 16:14 065 1017.4 70 25 10.0 15.8 15:31 5.3 03:02 0.0 1.0 9.0 13:24 040 1014.5 81 26 9.3 12.7 15:45 6.8 23:57 0.0 2.1 13.0 15:48 343 1012.4 78 27 8.5 12.4 17:39 4.6 05:01 0.0 1.5 11.0 11:42 337 1009.9 78 28 7.8 11.6 13:18 2.9 06:26 0.0 1.6 12.1 12:18 117 1007.1 84 29 7.9 9.3 18:54 6.9 04:12 4.2 2.7 18.0 09:22 151 997.4 90 30 8.5 11.8 17:10 6.6 01:44 11.4 2.6 14.1 04:53 018 989.3 89 ---------------------------------------------------------------------------------- MONTH 9.4 20.1 24 0.8 14 17.4 2.7 38.0 05 E 1017.8 79