NOAA-Style Climate Reports
Select a Year or Month report
2024: Jan Feb Mar Apr May Jun Jul Aug Sep Oct Nov Dec
2023: Jan Feb Mar Apr May Jun Jul Aug Sep Oct Nov Dec
2022: Jan Feb Mar Apr May Jun Jul Aug Sep Oct Nov Dec
2021: Jan Feb Mar Apr May Jun Jul Aug Sep Oct Nov Dec
2020: Jan Feb Mar Apr May Jun Jul Aug Sep Oct Nov Dec
2019: Jan Feb Mar Apr May Jun Jul Aug Sep Oct Nov Dec
2018: Jan Feb Mar Apr May Jun Jul Aug Sep Oct Nov Dec
2017: Jan Feb Mar Apr May Jun Jul Aug Sep Oct Nov Dec
2016: Jan Feb Mar Apr May Jun Jul Aug Sep Oct Nov Dec
2015: Jan Feb Mar Apr May Jun Jul Aug Sep Oct Nov Dec
2014: Jan Feb Mar Apr May Jun Jul Aug Sep Oct Nov Dec
2013: Jan Feb Mar Apr May Jun Jul Aug Sep Oct Nov Dec
2024: Jan Feb Mar Apr May Jun Jul Aug Sep Oct Nov Dec
2023: Jan Feb Mar Apr May Jun Jul Aug Sep Oct Nov Dec
2022: Jan Feb Mar Apr May Jun Jul Aug Sep Oct Nov Dec
2021: Jan Feb Mar Apr May Jun Jul Aug Sep Oct Nov Dec
2020: Jan Feb Mar Apr May Jun Jul Aug Sep Oct Nov Dec
2019: Jan Feb Mar Apr May Jun Jul Aug Sep Oct Nov Dec
2018: Jan Feb Mar Apr May Jun Jul Aug Sep Oct Nov Dec
2017: Jan Feb Mar Apr May Jun Jul Aug Sep Oct Nov Dec
2016: Jan Feb Mar Apr May Jun Jul Aug Sep Oct Nov Dec
2015: Jan Feb Mar Apr May Jun Jul Aug Sep Oct Nov Dec
2014: Jan Feb Mar Apr May Jun Jul Aug Sep Oct Nov Dec
2013: Jan Feb Mar Apr May Jun Jul Aug Sep Oct Nov Dec
Report for 2020 March
Monthly Climatological Summary for Mar 2020 Elevation: 45m Latitude: 54.634 Longitude: -5.672 Temperature in °C, Rain in mm, Wind Speed in mph and Pressure in hPa AVG AVG DOM DAY TEMP HIGH TIME LOW TIME RAIN WIND HIGH TIME DIR BAROM HUM ---------------------------------------------------------------------------------- 01 4.4 7.2 12:08 1.4 22:47 0.0 6.3 43.0 01:55 232 976.7 81 02 3.0 7.4 15:05 0.4 02:48 0.8 3.5 21.0 14:32 231 986.3 85 03 5.3 9.6 13:17 2.3 00:00 0.2 3.5 24.0 07:19 268 999.0 80 04 3.9 8.6 11:47 -0.2 07:33 0.0 0.7 10.0 16:01 195 1006.3 84 05 3.4 8.3 14:03 -1.9 05:40 0.0 0.5 8.9 15:19 193 1000.3 88 06 5.2 8.4 13:17 2.5 07:35 0.4 1.3 15.0 14:41 234 1004.7 85 07 9.4 13.3 13:17 4.4 00:00 0.0 5.8 25.1 18:00 199 1001.1 89 08 7.1 10.2 00:00 5.1 19:44 0.6 4.6 23.0 13:11 228 995.8 83 09 7.5 11.2 21:28 5.1 13:08 7.2 5.3 28.0 14:04 232 1001.1 90 10 9.0 11.6 11:46 2.9 23:56 0.0 6.1 27.0 11:53 247 996.8 82 11 5.9 11.1 13:30 1.1 23:26 5.2 4.4 25.1 04:02 235 998.1 83 12 4.5 8.4 13:34 1.1 02:04 1.8 7.3 36.9 12:15 238 998.6 85 13 6.1 8.6 10:47 2.8 05:06 0.2 3.1 19.9 00:12 170 1013.8 86 14 7.6 10.3 19:23 5.5 02:00 4.4 4.8 22.0 15:51 191 1002.9 91 15 6.8 9.7 15:16 3.9 22:59 0.2 5.3 23.0 13:32 266 1002.7 82 16 6.5 9.6 17:18 1.9 07:43 0.2 4.7 23.0 12:26 213 1015.3 84 17 7.8 10.2 16:43 4.7 23:57 17.4 2.3 17.0 11:55 228 1016.6 92 18 5.5 8.6 14:59 2.9 23:51 0.0 1.9 19.0 11:26 257 1023.1 81 19 5.0 9.4 13:24 0.4 01:55 0.0 1.7 15.0 16:18 311 1030.1 80 20 5.5 9.1 15:14 1.2 04:44 0.0 2.7 18.0 22:09 058 1034.3 78 21 5.8 7.8 15:28 4.3 02:01 0.0 4.5 21.9 05:53 134 1028.5 78 22 5.5 9.1 12:01 1.7 06:58 0.0 2.6 20.0 12:31 170 1027.5 81 23 7.3 10.7 11:19 3.2 00:00 0.0 5.1 27.1 11:25 182 1022.0 86 24 9.2 12.5 15:05 7.2 05:15 0.0 6.0 25.1 15:33 185 1017.1 85 25 9.4 12.9 16:17 7.3 05:53 0.4 2.3 16.1 01:41 195 1021.5 88 26 8.4 11.4 12:41 6.8 23:58 0.0 2.4 13.0 08:46 343 1026.7 87 27 8.1 10.7 14:06 6.7 00:59 0.0 2.0 17.0 17:36 348 1030.0 91 28 7.2 9.7 14:13 3.7 23:41 0.0 3.7 20.0 17:12 037 1039.2 77 29 4.9 6.8 16:24 2.9 03:31 0.0 3.9 21.0 02:53 025 1048.3 62 30 7.5 11.0 15:02 4.6 02:06 0.0 2.5 18.0 08:26 327 1041.0 81 31 7.3 10.2 14:15 4.8 05:33 0.0 2.9 14.0 15:54 330 1036.1 81 ---------------------------------------------------------------------------------- MONTH 6.5 20.1 07 -1.9 05 39.0 3.7 43.0 01 SW 1014.2 83