NOAA-Style Climate Reports


Report for 2014 July
                   MONTHLY CLIMATOLOGICAL SUMMARY for Jul 2014


NAME: Conlig WX, Co. Down                  
ELEV: 170 feet    LAT: 54-38.04 N    LONG: 005-40.26 W


                   TEMPERATURE (F), RAIN (in), WIND SPEED (mph)

                                         HEAT   COOL         AVG
      MEAN                               DEG    DEG          WIND                   DOM
DAY   TEMP   HIGH   TIME    LOW   TIME   DAYS   DAYS   RAIN  SPEED   HIGH   TIME    DIR
---------------------------------------------------------------------------------------
 01   63.8   74.8  16:49   50.2  03:54    1.2    0.0   0.00    1.4    8.3  17:24    144
 02   63.4   70.3  14:49   55.6  04:24    1.6    0.0   0.00    3.6   17.4  15:24    221
 03   62.2   70.2  15:04   53.1  05:34    2.8    0.0   0.00    2.7   13.0  18:49    208
 04   59.4   64.8  14:14   51.3  23:49    5.6    0.0   0.21    2.9   14.5  10:29    196
 05   57.6   68.7  15:09   48.6  02:59    7.4    0.0   0.13    1.2   11.4  13:14    246
 06   58.8   69.1  12:34   50.0  05:24    6.2    0.0   0.06    1.8   12.1  18:09    243
 07   58.7   69.3  13:09   52.0  05:14    6.3    0.0   0.01    2.0   12.1  16:39    227
 08   57.7   64.0  15:33   53.2  01:19    7.3    0.0   0.20    2.2   15.9  19:58    329
 09   60.1   67.6  12:33   51.4  04:48    4.9    0.0   0.00    3.0   13.6  09:33    338
 10   61.9   74.3  15:08   51.4  03:33    3.1    0.0   0.00    0.7    6.9  12:32    342
 11   63.6   71.6  13:47   56.1  04:22    1.4    0.0   0.00    1.5   10.7  15:07    181
 12   62.3   64.8  13:22   60.1  23:42    2.7    0.0   0.31    2.3   11.4  13:07    186
 13   59.7   68.7  14:12   52.2  23:57    5.3    0.0   0.00    1.9   13.0  10:12    314
 14   59.0   69.3  17:42   51.6  00:17    6.0    0.0   0.09    2.9   18.3  10:02    191
 15   61.9   72.0  15:07   52.9  05:37    3.1    0.0   0.00    2.1   12.1  23:42    202
 16   64.0   73.4  15:07   57.6  00:37    1.0    0.0   0.08    3.3   13.6  07:07    199
 17   64.0   74.8  13:27   54.0  05:02    1.0    0.0   0.01    1.4   12.1  15:57    150
 18   62.7   69.4  16:02   56.7  05:12    2.3    0.0   0.00    2.7   15.9  15:12    102
 19   62.2   67.1  11:32   59.4  05:37    2.8    0.0   0.09    0.7    5.4  04:07    154
 20   61.1   70.3  11:19   56.3  23:49    3.9    0.0   0.01    0.6    5.4  16:28     24
 21   66.6   77.2  12:39   54.0  05:44    0.0    1.6   0.00    1.4   10.7  16:14    185
 22   66.5   78.8  15:34   58.6  06:09    0.0    1.5   0.00    1.7    9.2  11:49    180
 23   68.3   79.5  17:44   56.1  05:14    0.0    3.3   0.00    1.4    9.8  12:54    106
 24   70.5   79.5  14:34   60.8  05:24    0.0    5.5   0.00    1.6   10.7  11:19     97
 25   71.6   82.0  17:54   58.5  05:39    0.0    6.6   0.00    1.1    9.2  15:59     91
 26   63.7   71.1  10:14   57.0  23:49    1.3    0.0   0.19    1.0    9.2  15:59    273
 27   59.8   67.5  11:39   54.3  04:44    5.2    0.0   0.35    1.8   11.4  10:09    278
 28   62.3   70.5  16:09   55.9  04:54    2.7    0.0   0.01    1.8   10.7  12:19    346
 29   62.6   70.5  15:56   58.5  04:29    2.4    0.0   0.01    2.0   11.4  13:22    289
 30   63.6   71.6  16:46   57.2  07:21    1.4    0.0   0.02    2.9   18.3  14:06    261
 31   62.4   71.8  15:21   57.0  22:56    2.6    0.0   0.26    1.6   12.1  15:26    215
---------------------------------------------------------------------------------------
      62.6   82.0     25   48.6     05   91.7   18.5   2.07    1.9   18.3     14    214