NOAA-Style Climate Reports
Select a Year or Month report
2024: Jan Feb Mar Apr May Jun Jul Aug Sep Oct Nov Dec
2023: Jan Feb Mar Apr May Jun Jul Aug Sep Oct Nov Dec
2022: Jan Feb Mar Apr May Jun Jul Aug Sep Oct Nov Dec
2021: Jan Feb Mar Apr May Jun Jul Aug Sep Oct Nov Dec
2020: Jan Feb Mar Apr May Jun Jul Aug Sep Oct Nov Dec
2019: Jan Feb Mar Apr May Jun Jul Aug Sep Oct Nov Dec
2018: Jan Feb Mar Apr May Jun Jul Aug Sep Oct Nov Dec
2017: Jan Feb Mar Apr May Jun Jul Aug Sep Oct Nov Dec
2016: Jan Feb Mar Apr May Jun Jul Aug Sep Oct Nov Dec
2015: Jan Feb Mar Apr May Jun Jul Aug Sep Oct Nov Dec
2014: Jan Feb Mar Apr May Jun Jul Aug Sep Oct Nov Dec
2013: Jan Feb Mar Apr May Jun Jul Aug Sep Oct Nov Dec
2024: Jan Feb Mar Apr May Jun Jul Aug Sep Oct Nov Dec
2023: Jan Feb Mar Apr May Jun Jul Aug Sep Oct Nov Dec
2022: Jan Feb Mar Apr May Jun Jul Aug Sep Oct Nov Dec
2021: Jan Feb Mar Apr May Jun Jul Aug Sep Oct Nov Dec
2020: Jan Feb Mar Apr May Jun Jul Aug Sep Oct Nov Dec
2019: Jan Feb Mar Apr May Jun Jul Aug Sep Oct Nov Dec
2018: Jan Feb Mar Apr May Jun Jul Aug Sep Oct Nov Dec
2017: Jan Feb Mar Apr May Jun Jul Aug Sep Oct Nov Dec
2016: Jan Feb Mar Apr May Jun Jul Aug Sep Oct Nov Dec
2015: Jan Feb Mar Apr May Jun Jul Aug Sep Oct Nov Dec
2014: Jan Feb Mar Apr May Jun Jul Aug Sep Oct Nov Dec
2013: Jan Feb Mar Apr May Jun Jul Aug Sep Oct Nov Dec
Report for 2023 January
Monthly Climatological Summary for Jan 2023 Name: Conlig Weather Station. City: Newtownards. State: Co. Down. Elevation: 49 m Lat: N 54° 38' 02" Lon: W 005° 40' 18" Temperature (°C), Rain (mm), Wind Speed (mph) Heat Cool Avg Mean Deg Deg Wind Dom Day Temp High Time Low Time Days Days Rain Speed High Time Dir ---------------------------------------------------------------------------------- 01 4.7 5.6 01:09 2.9 23:49 13.6 0.0 0.0 1.3 12.0 04:46 WSW 02 2.6 5.3 13:22 0.7 22:53 15.7 0.0 0.0 2.4 12.0 12:10 SW 03 9.1 12.7 23:04 1.6 00:00 9.2 0.0 12.6 4.9 24.0 23:04 SSE 04 10.4 12.3 00:00 8.6 23:59 7.9 0.0 0.4 7.4 28.0 08:26 WSW 05 8.8 11.0 14:09 7.2 23:19 9.5 0.0 2.2 4.8 24.0 16:49 SSW 06 7.7 9.9 23:47 5.9 08:29 10.6 0.0 2.4 5.1 28.0 01:51 S 07 7.6 9.9 00:00 6.1 09:36 10.7 0.0 3.8 4.8 24.0 17:49 S 08 5.7 7.6 00:00 4.4 23:55 12.6 0.0 0.6 5.1 20.0 01:17 S 09 5.5 6.8 15:00 3.8 00:35 12.8 0.0 2.0 4.8 29.0 14:11 WSW 10 8.3 13.1 15:36 3.8 01:05 10.0 0.0 15.8 5.4 28.0 16:21 SSW 11 5.9 6.8 11:41 5.1 08:56 12.4 0.0 5.0 6.7 30.0 16:36 SW 12 6.7 9.2 09:12 2.9 04:19 11.6 0.0 8.0 7.0 41.0 19:32 SW 13 7.0 8.4 14:12 6.1 17:11 11.3 0.0 5.6 4.7 24.0 00:09 WSW 14 5.3 8.0 02:23 3.1 23:41 13.0 0.0 4.0 6.3 33.0 21:24 SW 15 4.2 7.3 13:53 1.9 22:56 14.1 0.0 1.8 3.5 32.0 00:53 WSW 16 1.5 3.4 03:15 -0.6 23:57 16.8 0.0 0.6 2.9 16.0 01:46 WNW 17 0.3 2.1 14:10 -1.3 02:00 18.0 0.0 1.2 3.8 17.0 17:31 W 18 2.2 5.2 14:25 0.3 23:35 16.1 0.0 1.8 3.8 19.0 08:07 W 19 1.6 3.8 13:57 -0.2 03:25 16.7 0.0 0.2 2.9 14.0 13:11 WSW 20 2.9 7.9 13:04 0.4 20:30 15.4 0.0 0.0 1.1 10.0 01:07 WSW 21 6.3 8.0 23:41 1.7 00:21 12.0 0.0 0.6 5.3 24.0 19:55 SSE 22 8.3 8.9 15:17 7.7 07:37 9.9 0.0 3.0 4.9 22.0 02:28 SSE 23 8.8 9.8 11:38 6.7 23:50 9.5 0.0 0.2 1.8 11.0 05:25 S 24 8.6 10.7 15:33 6.0 03:56 9.7 0.0 0.2 1.8 15.0 22:37 SSW 25 8.6 9.7 02:46 6.8 20:00 9.7 0.0 1.4 4.3 22.0 12:13 W 26 6.7 9.2 12:40 4.8 07:42 11.5 0.0 0.2 1.9 17.0 00:09 NW 27 4.9 7.3 12:31 2.6 04:15 13.4 0.0 0.0 1.5 12.0 22:55 SW 28 6.2 8.6 12:23 4.6 23:46 12.1 0.0 0.0 1.3 11.0 00:45 WSW 29 6.9 11.1 14:09 3.7 03:46 11.4 0.0 0.2 4.1 21.0 14:57 SW 30 7.0 9.3 12:56 5.3 07:13 11.3 0.0 0.0 4.0 20.0 23:55 SW 31 7.3 9.5 02:59 6.0 23:00 11.0 0.0 0.0 7.1 26.0 06:42 WSW ---------------------------------------------------------------------------------- 6.1 13.1 10 -1.3 17 379.5 0.0 73.8 4.1 41.0 12 SW Max >= 27.0 0 Max <= 0.0 0 Min <= 0.0 3 Min <= -18.0 0 Max Rain: 15.8 on day 10 Days of Rain: 24 (>= 0.2 mm) 11 (>= 2.0 mm) 0 (>= 20.0 mm) Heat Base: 18.3 Cool Base: 18.3 Method: Integration