NOAA-Style Climate Reports
Select a Year or Month report
2024: Jan Feb Mar Apr May Jun Jul Aug Sep Oct Nov Dec
2023: Jan Feb Mar Apr May Jun Jul Aug Sep Oct Nov Dec
2022: Jan Feb Mar Apr May Jun Jul Aug Sep Oct Nov Dec
2021: Jan Feb Mar Apr May Jun Jul Aug Sep Oct Nov Dec
2020: Jan Feb Mar Apr May Jun Jul Aug Sep Oct Nov Dec
2019: Jan Feb Mar Apr May Jun Jul Aug Sep Oct Nov Dec
2018: Jan Feb Mar Apr May Jun Jul Aug Sep Oct Nov Dec
2017: Jan Feb Mar Apr May Jun Jul Aug Sep Oct Nov Dec
2016: Jan Feb Mar Apr May Jun Jul Aug Sep Oct Nov Dec
2015: Jan Feb Mar Apr May Jun Jul Aug Sep Oct Nov Dec
2014: Jan Feb Mar Apr May Jun Jul Aug Sep Oct Nov Dec
2013: Jan Feb Mar Apr May Jun Jul Aug Sep Oct Nov Dec
2024: Jan Feb Mar Apr May Jun Jul Aug Sep Oct Nov Dec
2023: Jan Feb Mar Apr May Jun Jul Aug Sep Oct Nov Dec
2022: Jan Feb Mar Apr May Jun Jul Aug Sep Oct Nov Dec
2021: Jan Feb Mar Apr May Jun Jul Aug Sep Oct Nov Dec
2020: Jan Feb Mar Apr May Jun Jul Aug Sep Oct Nov Dec
2019: Jan Feb Mar Apr May Jun Jul Aug Sep Oct Nov Dec
2018: Jan Feb Mar Apr May Jun Jul Aug Sep Oct Nov Dec
2017: Jan Feb Mar Apr May Jun Jul Aug Sep Oct Nov Dec
2016: Jan Feb Mar Apr May Jun Jul Aug Sep Oct Nov Dec
2015: Jan Feb Mar Apr May Jun Jul Aug Sep Oct Nov Dec
2014: Jan Feb Mar Apr May Jun Jul Aug Sep Oct Nov Dec
2013: Jan Feb Mar Apr May Jun Jul Aug Sep Oct Nov Dec
Report for 2022 July
Monthly Climatological Summary for Jul 2022 Name: Conlig Weather Station. City: Newtownards. State: Co. Down. Elevation: 49 m Lat: N 54° 38' 02" Lon: W 005° 40' 18" Temperature (°C), Rain (mm), Wind Speed (mph) Heat Cool Avg Mean Deg Deg Wind Dom Day Temp High Time Low Time Days Days Rain Speed High Time Dir ---------------------------------------------------------------------------------- 01 14.4 18.2 15:25 12.1 06:14 3.9 0.0 3.8 2.6 21.0 16:30 S 02 14.7 19.4 13:16 11.4 04:49 3.6 0.0 0.0 2.6 14.0 09:43 SW 03 14.6 18.0 15:37 12.2 06:26 3.7 0.0 0.0 3.6 18.0 17:31 W 04 14.4 18.1 15:23 11.7 05:38 3.9 0.0 0.0 3.8 20.0 12:54 WSW 05 14.5 17.6 13:39 12.3 02:54 3.8 0.0 0.6 2.0 16.0 10:55 WNW 06 16.4 19.1 16:02 14.4 23:48 1.9 0.0 0.0 4.2 23.0 16:21 WSW 07 15.9 22.4 16:48 13.1 04:55 2.8 0.4 0.0 2.8 18.0 00:58 WNW 08 16.5 21.7 12:37 13.2 02:15 2.2 0.4 0.0 1.9 14.0 14:34 W 09 16.0 20.1 13:22 13.4 06:16 2.5 0.2 0.0 1.9 14.0 07:31 NW 10 16.7 20.4 18:58 14.3 01:24 2.0 0.3 0.0 1.2 9.0 18:04 ESE 11 17.9 21.8 16:38 14.1 04:45 1.4 1.0 0.0 3.4 18.0 16:58 SSE 12 16.6 21.3 10:52 13.0 23:59 2.1 0.4 0.4 2.4 16.0 10:04 SW 13 15.2 20.7 15:09 10.9 06:01 3.4 0.3 0.2 2.3 16.0 11:55 W 14 14.9 18.6 15:17 12.3 04:20 3.4 0.0 0.0 2.0 13.0 08:53 W 15 15.4 18.3 15:06 13.3 00:45 2.9 0.0 0.0 2.8 17.0 05:57 W 16 16.2 21.0 12:53 13.1 04:16 2.4 0.3 0.6 2.1 15.0 12:48 SSE 17 18.5 23.6 16:16 14.7 05:54 1.3 1.5 0.2 3.1 17.0 13:34 SSE 18 21.9 27.7 14:50 17.6 06:22 0.0 3.6 0.0 3.0 18.0 17:00 S 19 18.5 23.8 09:37 14.9 23:20 0.7 0.9 0.0 2.3 14.0 19:31 NW 20 15.7 18.9 14:25 13.2 23:53 2.6 0.0 0.0 3.7 17.0 12:37 WNW 21 15.3 18.6 14:16 12.8 00:27 3.0 0.0 0.0 3.1 15.0 10:12 NW 22 15.4 19.1 13:36 12.3 03:16 2.9 0.0 0.0 1.4 8.0 14:18 ENE 23 15.5 18.4 17:28 11.4 03:14 2.8 0.0 6.0 4.0 21.0 21:39 SSE 24 18.3 22.3 14:22 16.3 05:52 0.7 0.6 5.2 4.3 23.0 00:44 S 25 15.4 17.2 15:37 13.0 23:56 2.9 0.0 0.2 4.5 20.0 10:42 WNW 26 14.2 17.8 15:22 11.3 06:27 4.1 0.0 0.0 2.9 15.0 01:20 NW 27 14.3 17.9 14:08 9.8 05:42 4.0 0.0 0.0 1.0 9.0 14:41 ESE 28 14.3 17.2 16:12 11.1 04:50 4.0 0.0 0.0 1.0 10.0 11:28 ENE 29 15.9 22.1 12:31 9.7 05:00 3.0 0.7 5.0 3.0 19.0 18:06 SSE 30 16.7 21.5 12:18 14.3 23:58 2.0 0.4 2.2 3.2 17.0 04:38 SW 31 15.3 18.7 15:59 12.6 23:34 3.0 0.0 0.0 2.7 14.0 10:32 NNW ---------------------------------------------------------------------------------- 16.0 27.7 18 9.7 29 82.9 11.0 24.4 2.7 23.0 6 WSW Max >= 27.0 1 Max <= 0.0 0 Min <= 0.0 0 Min <= -18.0 0 Max Rain: 6.0 on day 23 Days of Rain: 11 (>= 0.2 mm) 5 (>= 2.0 mm) 0 (>= 20.0 mm) Heat Base: 18.3 Cool Base: 18.3 Method: Integration