NOAA-Style Climate Reports
Select a Year or Month report
2024: Jan Feb Mar Apr May Jun Jul Aug Sep Oct Nov Dec
2023: Jan Feb Mar Apr May Jun Jul Aug Sep Oct Nov Dec
2022: Jan Feb Mar Apr May Jun Jul Aug Sep Oct Nov Dec
2021: Jan Feb Mar Apr May Jun Jul Aug Sep Oct Nov Dec
2020: Jan Feb Mar Apr May Jun Jul Aug Sep Oct Nov Dec
2019: Jan Feb Mar Apr May Jun Jul Aug Sep Oct Nov Dec
2018: Jan Feb Mar Apr May Jun Jul Aug Sep Oct Nov Dec
2017: Jan Feb Mar Apr May Jun Jul Aug Sep Oct Nov Dec
2016: Jan Feb Mar Apr May Jun Jul Aug Sep Oct Nov Dec
2015: Jan Feb Mar Apr May Jun Jul Aug Sep Oct Nov Dec
2014: Jan Feb Mar Apr May Jun Jul Aug Sep Oct Nov Dec
2013: Jan Feb Mar Apr May Jun Jul Aug Sep Oct Nov Dec
2024: Jan Feb Mar Apr May Jun Jul Aug Sep Oct Nov Dec
2023: Jan Feb Mar Apr May Jun Jul Aug Sep Oct Nov Dec
2022: Jan Feb Mar Apr May Jun Jul Aug Sep Oct Nov Dec
2021: Jan Feb Mar Apr May Jun Jul Aug Sep Oct Nov Dec
2020: Jan Feb Mar Apr May Jun Jul Aug Sep Oct Nov Dec
2019: Jan Feb Mar Apr May Jun Jul Aug Sep Oct Nov Dec
2018: Jan Feb Mar Apr May Jun Jul Aug Sep Oct Nov Dec
2017: Jan Feb Mar Apr May Jun Jul Aug Sep Oct Nov Dec
2016: Jan Feb Mar Apr May Jun Jul Aug Sep Oct Nov Dec
2015: Jan Feb Mar Apr May Jun Jul Aug Sep Oct Nov Dec
2014: Jan Feb Mar Apr May Jun Jul Aug Sep Oct Nov Dec
2013: Jan Feb Mar Apr May Jun Jul Aug Sep Oct Nov Dec
Report for 2022 June
Monthly Climatological Summary for Jun 2022 Name: Conlig Weather Station. City: Newtownards. State: Co. Down. Elevation: 49 m Lat: N 54° 38' 02" Lon: W 005° 40' 18" Temperature (°C), Rain (mm), Wind Speed (mph) Heat Cool Avg Mean Deg Deg Wind Dom Day Temp High Time Low Time Days Days Rain Speed High Time Dir ---------------------------------------------------------------------------------- 01 12.4 17.3 17:48 7.4 04:22 5.9 0.0 0.0 1.8 11.0 10:46 N 02 12.6 15.7 16:53 7.8 03:21 5.7 0.0 0.0 1.9 12.0 11:58 SSE 03 13.1 17.7 15:57 10.7 06:35 5.2 0.0 0.0 2.1 14.0 14:03 ENE 04 13.2 18.0 16:57 9.1 04:36 5.1 0.0 0.0 2.5 14.0 09:08 ENE 05 12.8 18.1 15:36 9.1 04:36 5.5 0.0 0.0 2.5 13.0 10:36 E 06 13.8 17.9 16:22 9.9 04:00 4.5 0.0 0.0 0.9 9.0 09:10 E 07 14.5 18.8 13:50 11.3 04:58 3.8 0.0 2.6 2.0 14.0 19:20 ESE 08 14.8 20.0 13:48 12.4 23:40 3.6 0.1 4.0 3.8 19.0 13:47 SW 09 14.4 19.4 19:23 10.9 07:04 4.0 0.0 0.6 4.0 21.0 12:58 S 10 15.9 20.1 17:25 11.7 05:01 2.6 0.1 0.2 5.8 26.0 10:24 S 11 14.6 18.1 12:34 12.4 04:27 3.7 0.0 1.0 6.0 26.0 10:34 SW 12 12.8 16.8 15:45 10.6 05:34 5.5 0.0 0.4 4.1 20.0 17:33 WSW 13 13.6 16.6 14:46 10.8 04:40 4.7 0.0 0.0 2.2 16.0 09:45 WSW 14 14.2 19.2 13:56 11.1 04:53 4.1 0.0 0.0 2.6 13.0 08:58 S 15 16.3 21.7 15:38 11.4 03:15 2.5 0.6 0.0 2.3 15.0 13:40 SSE 16 15.7 19.0 12:38 12.4 04:10 2.6 0.0 0.0 2.7 13.0 14:59 SSE 17 15.0 17.1 13:28 12.3 23:57 3.3 0.0 2.8 3.3 17.0 09:52 S 18 13.5 17.8 16:43 10.2 04:31 4.8 0.0 0.0 3.0 16.0 16:50 WSW 19 13.4 16.4 13:33 11.0 04:39 4.9 0.0 0.0 5.1 24.0 13:50 WNW 20 15.0 20.8 13:54 9.8 05:05 3.6 0.3 0.0 2.1 12.0 00:09 WNW 21 14.4 17.3 13:14 12.6 01:41 3.9 0.0 1.4 0.9 8.0 03:02 WNW 22 15.0 18.8 17:45 12.9 22:39 3.3 0.0 0.0 1.0 8.0 14:28 E 23 17.0 21.1 16:51 13.1 00:00 1.8 0.5 0.0 2.2 14.0 13:11 SSE 24 15.5 19.7 14:42 13.3 03:11 2.9 0.1 2.2 3.7 24.0 15:33 SE 25 13.7 16.8 14:11 11.1 06:25 4.6 0.0 0.0 7.8 35.0 14:30 SSE 26 13.3 16.0 15:07 11.4 03:40 5.0 0.0 17.4 6.2 26.0 14:50 SSE 27 13.9 18.5 15:11 10.9 06:03 4.4 0.0 0.0 4.4 20.0 21:46 SSW 28 13.4 16.2 17:44 12.2 02:03 4.9 0.0 29.2 7.9 28.0 11:52 SSE 29 14.0 18.2 14:24 11.6 04:57 4.3 0.0 3.6 2.3 19.0 14:19 SSE 30 13.7 18.1 14:31 11.1 00:54 4.6 0.0 3.8 1.1 8.0 14:39 ESE ---------------------------------------------------------------------------------- 14.2 21.7 15 7.4 1 125.3 1.7 69.2 3.3 35.0 25 S Max >= 27.0 0 Max <= 0.0 0 Min <= 0.0 0 Min <= -18.0 0 Max Rain: 29.2 on day 28 Days of Rain: 13 (>= 0.2 mm) 8 (>= 2.0 mm) 1 (>= 20.0 mm) Heat Base: 18.3 Cool Base: 18.3 Method: Integration