NOAA-Style Climate Reports
Select a Year or Month report
2024: Jan Feb Mar Apr May Jun Jul Aug Sep Oct Nov Dec
2023: Jan Feb Mar Apr May Jun Jul Aug Sep Oct Nov Dec
2022: Jan Feb Mar Apr May Jun Jul Aug Sep Oct Nov Dec
2021: Jan Feb Mar Apr May Jun Jul Aug Sep Oct Nov Dec
2020: Jan Feb Mar Apr May Jun Jul Aug Sep Oct Nov Dec
2019: Jan Feb Mar Apr May Jun Jul Aug Sep Oct Nov Dec
2018: Jan Feb Mar Apr May Jun Jul Aug Sep Oct Nov Dec
2017: Jan Feb Mar Apr May Jun Jul Aug Sep Oct Nov Dec
2016: Jan Feb Mar Apr May Jun Jul Aug Sep Oct Nov Dec
2015: Jan Feb Mar Apr May Jun Jul Aug Sep Oct Nov Dec
2014: Jan Feb Mar Apr May Jun Jul Aug Sep Oct Nov Dec
2013: Jan Feb Mar Apr May Jun Jul Aug Sep Oct Nov Dec
2024: Jan Feb Mar Apr May Jun Jul Aug Sep Oct Nov Dec
2023: Jan Feb Mar Apr May Jun Jul Aug Sep Oct Nov Dec
2022: Jan Feb Mar Apr May Jun Jul Aug Sep Oct Nov Dec
2021: Jan Feb Mar Apr May Jun Jul Aug Sep Oct Nov Dec
2020: Jan Feb Mar Apr May Jun Jul Aug Sep Oct Nov Dec
2019: Jan Feb Mar Apr May Jun Jul Aug Sep Oct Nov Dec
2018: Jan Feb Mar Apr May Jun Jul Aug Sep Oct Nov Dec
2017: Jan Feb Mar Apr May Jun Jul Aug Sep Oct Nov Dec
2016: Jan Feb Mar Apr May Jun Jul Aug Sep Oct Nov Dec
2015: Jan Feb Mar Apr May Jun Jul Aug Sep Oct Nov Dec
2014: Jan Feb Mar Apr May Jun Jul Aug Sep Oct Nov Dec
2013: Jan Feb Mar Apr May Jun Jul Aug Sep Oct Nov Dec
Report for 2021 August
Monthly Climatological Summary for Aug 2021 Name: Conlig Weather Station. City: Newtownards. State: Co. Down. Elevation: 44 m Lat: N 54° 38' 02" Lon: W 005° 40' 18" Temperature (°C), Rain (mm), Wind Speed (mph) Heat Cool Avg Mean Deg Deg Wind Dom Day Temp High Time Low Time Days Days Rain Speed High Time Dir ---------------------------------------------------------------------------------- 01 13.8 19.2 13:33 9.9 04:03 4.5 0.0 0.0 2.3 14.0 15:05 NW 02 13.8 19.0 17:46 9.5 02:15 4.5 0.0 1.0 1.2 9.0 10:22 WSW 03 15.5 20.2 11:35 13.1 05:32 2.9 0.0 5.8 1.1 11.0 18:25 S 04 16.6 21.7 12:55 11.9 05:58 2.3 0.6 0.0 3.0 18.0 16:31 SSE 05 15.0 15.8 00:00 14.1 14:08 3.3 0.0 16.2 4.4 21.0 16:47 SE 06 15.9 20.3 11:25 14.7 05:01 2.5 0.0 26.2 1.4 13.0 16:57 SSW 07 16.4 20.4 15:08 14.1 02:26 2.1 0.2 4.8 0.8 8.0 08:13 SW 08 15.8 17.8 16:14 13.6 23:57 2.5 0.0 7.6 3.7 20.0 15:37 WSW 09 15.4 20.4 15:08 12.9 06:08 2.9 0.1 0.4 2.0 13.0 00:32 SSW 10 15.1 18.6 17:18 12.2 06:02 3.2 0.0 0.0 1.4 9.0 16:44 S 11 15.6 18.7 16:03 12.4 23:10 2.7 0.0 11.4 2.4 16.0 08:24 SSE 12 15.0 20.4 18:03 9.6 04:43 3.4 0.1 0.0 4.3 25.0 14:28 S 13 15.6 19.3 17:41 13.1 04:57 2.7 0.0 0.4 4.6 21.0 11:48 SSW 14 15.2 19.7 13:58 11.8 06:15 3.2 0.1 0.2 2.0 14.0 05:32 SW 15 14.5 18.0 16:26 12.6 05:49 3.8 0.0 0.2 2.1 17.0 19:17 WNW 16 14.1 15.8 15:59 12.8 05:17 4.2 0.0 0.0 3.2 17.0 11:36 W 17 15.7 18.5 12:41 14.1 00:00 2.6 0.0 0.0 4.0 19.0 16:38 W 18 15.1 18.3 14:07 13.4 23:59 3.2 0.0 0.0 2.2 15.0 07:37 W 19 14.2 16.1 11:01 12.1 06:34 4.1 0.0 1.2 0.6 8.0 23:58 SE 20 15.5 18.6 13:37 13.7 03:00 2.8 0.0 0.2 3.5 19.0 16:24 SSE 21 15.6 16.8 12:33 14.7 23:44 2.7 0.0 5.4 2.7 15.0 00:04 SSE 22 15.9 19.7 17:45 13.0 02:36 2.5 0.1 0.2 0.7 8.0 05:46 NNW 23 16.0 20.8 16:48 12.2 03:57 2.7 0.4 0.0 0.8 7.0 09:54 ENE 24 17.7 24.2 17:07 11.5 06:17 2.3 1.7 0.0 0.7 9.0 14:39 SE 25 18.2 22.8 14:09 13.9 06:37 1.3 1.2 0.0 0.9 9.0 11:45 NNE 26 14.8 17.6 17:14 12.1 06:55 3.5 0.0 0.0 0.8 8.0 10:55 NW 27 14.9 19.2 16:14 11.3 06:22 3.5 0.0 0.0 1.1 8.0 08:30 ESE 28 15.7 23.2 14:37 9.1 06:24 3.4 0.7 0.0 0.6 9.0 14:37 NNE 29 14.8 16.6 15:37 13.1 06:58 3.5 0.0 0.0 1.4 10.0 06:38 N 30 14.8 17.7 15:53 12.7 01:18 3.5 0.0 0.0 1.4 12.0 15:38 NE 31 14.5 16.7 13:01 12.9 05:09 3.8 0.0 0.0 1.9 12.0 01:49 NE ---------------------------------------------------------------------------------- 15.4 24.2 24 9.1 28 96.1 5.2 81.2 2.0 25.0 12 SSW Max >= 27.0 0 Max <= 0.0 0 Min <= 0.0 0 Min <= -18.0 0 Max Rain: 26.2 on day 6 Days of Rain: 15 (>= 0.2 mm) 7 (>= 2.0 mm) 1 (>= 20.0 mm) Heat Base: 18.3 Cool Base: 18.3 Method: Integration