NOAA-Style Climate Reports
Select a Year or Month report
2024: Jan Feb Mar Apr May Jun Jul Aug Sep Oct Nov Dec
2023: Jan Feb Mar Apr May Jun Jul Aug Sep Oct Nov Dec
2022: Jan Feb Mar Apr May Jun Jul Aug Sep Oct Nov Dec
2021: Jan Feb Mar Apr May Jun Jul Aug Sep Oct Nov Dec
2020: Jan Feb Mar Apr May Jun Jul Aug Sep Oct Nov Dec
2019: Jan Feb Mar Apr May Jun Jul Aug Sep Oct Nov Dec
2018: Jan Feb Mar Apr May Jun Jul Aug Sep Oct Nov Dec
2017: Jan Feb Mar Apr May Jun Jul Aug Sep Oct Nov Dec
2016: Jan Feb Mar Apr May Jun Jul Aug Sep Oct Nov Dec
2015: Jan Feb Mar Apr May Jun Jul Aug Sep Oct Nov Dec
2014: Jan Feb Mar Apr May Jun Jul Aug Sep Oct Nov Dec
2013: Jan Feb Mar Apr May Jun Jul Aug Sep Oct Nov Dec
2024: Jan Feb Mar Apr May Jun Jul Aug Sep Oct Nov Dec
2023: Jan Feb Mar Apr May Jun Jul Aug Sep Oct Nov Dec
2022: Jan Feb Mar Apr May Jun Jul Aug Sep Oct Nov Dec
2021: Jan Feb Mar Apr May Jun Jul Aug Sep Oct Nov Dec
2020: Jan Feb Mar Apr May Jun Jul Aug Sep Oct Nov Dec
2019: Jan Feb Mar Apr May Jun Jul Aug Sep Oct Nov Dec
2018: Jan Feb Mar Apr May Jun Jul Aug Sep Oct Nov Dec
2017: Jan Feb Mar Apr May Jun Jul Aug Sep Oct Nov Dec
2016: Jan Feb Mar Apr May Jun Jul Aug Sep Oct Nov Dec
2015: Jan Feb Mar Apr May Jun Jul Aug Sep Oct Nov Dec
2014: Jan Feb Mar Apr May Jun Jul Aug Sep Oct Nov Dec
2013: Jan Feb Mar Apr May Jun Jul Aug Sep Oct Nov Dec
Report for 2020 December
Monthly Climatological Summary for Dec 2020 Name: Conlig Weather Station City: Newtownards State: Co. Down Elevation: 46 ft Lat: N 54° 38' 02" Lon: W 005° 40' 18" Temperature (°C), Rain (mm), Wind Speed (mph) Heat Cool Avg Mean Deg Deg Wind Dom Day Temp High Time Low Time Days Days Rain Speed High Time Dir ---------------------------------------------------------------------------------- 01 7.1 8.9 14:37 4.8 01:46 11.2 0.0 0.0 0.6 13.0 10:51 WSW 02 6.3 8.9 00:10 3.9 23:57 11.9 0.0 0.0 2.3 15.0 04:54 SW 03 3.4 4.8 12:52 2.5 19:19 14.9 0.0 0.2 1.7 17.0 01:00 W 04 5.6 8.4 18:50 2.7 00:01 12.7 0.0 4.0 5.8 30.0 16:38 NNW 05 6.9 8.1 00:15 5.2 23:57 11.4 0.0 0.0 2.4 23.0 01:17 NNE 06 4.4 8.1 12:57 2.0 18:54 13.9 0.0 1.8 0.1 7.0 04:45 WNW 07 3.6 7.2 12:05 -0.1 07:55 14.7 0.0 0.2 0.4 13.0 16:48 W 08 5.8 7.7 12:08 3.6 00:44 12.4 0.0 1.0 3.4 21.0 14:55 WNW 09 5.5 7.7 20:08 3.3 08:32 12.8 0.0 5.0 0.8 15.0 21:18 S 10 8.1 9.1 13:08 7.1 00:00 10.2 0.0 5.2 1.4 19.0 19:43 S 11 8.2 9.1 13:38 7.2 07:52 10.1 0.0 3.2 0.1 13.0 21:48 SSW 12 5.5 7.4 13:08 2.3 23:16 12.8 0.0 0.2 0.9 13.0 15:10 W 13 8.1 10.8 14:34 2.8 00:00 10.2 0.0 16.0 2.6 24.0 07:15 SSE 14 8.1 9.9 13:20 5.3 23:45 10.2 0.0 0.2 3.7 18.0 01:39 SSW 15 5.8 9.6 13:07 3.8 06:12 12.5 0.0 0.4 0.9 17.0 23:27 S 16 8.5 9.9 09:28 6.3 23:57 9.8 0.0 15.6 5.3 29.0 09:23 S 17 7.9 10.6 21:10 4.9 08:04 10.4 0.0 5.2 2.5 25.0 17:12 SSW 18 10.1 11.7 12:42 8.2 23:55 8.1 0.0 4.8 2.3 27.0 12:19 S 19 7.6 8.9 03:45 5.6 23:57 10.7 0.0 0.2 4.4 25.0 10:57 SSW 20 5.8 7.1 13:33 4.8 08:47 12.5 0.0 0.0 4.6 22.0 19:00 SSW 21 5.7 8.5 13:44 3.2 23:38 12.6 0.0 1.6 0.4 12.0 16:00 SW 22 3.7 5.8 12:51 0.8 05:23 14.6 0.0 0.0 0.1 6.0 00:46 WSW 23 6.3 6.8 05:27 4.9 00:00 12.0 0.0 0.0 2.5 20.0 16:20 NNE 24 4.9 6.2 00:15 3.3 23:58 13.4 0.0 0.4 3.3 20.0 08:49 NNW 25 5.0 7.4 22:11 2.8 01:59 13.3 0.0 0.4 2.3 17.0 18:19 WSW 26 6.9 8.3 14:52 5.2 23:59 11.4 0.0 6.2 5.7 29.0 17:16 SW 27 2.3 5.2 00:00 1.1 19:48 16.0 0.0 3.4 2.6 20.0 09:46 WSW 28 4.1 5.2 16:04 1.8 01:12 14.2 0.0 12.0 0.9 17.0 17:27 NNW 29 4.3 6.9 12:51 2.1 23:59 14.0 0.0 1.2 2.1 21.0 16:30 NW 30 1.7 3.7 13:31 0.7 09:34 16.5 0.0 0.0 1.1 14.0 00:51 W 31 3.9 6.8 19:08 0.7 06:59 14.4 0.0 2.4 2.0 23.0 19:25 NNW ---------------------------------------------------------------------------------- 5.8 11.7 18 -0.1 7 385.8 0.0 90.8 2.2 30.0 4 SW Max >= 27.0 0 Max <= 0.0 0 Min <= 0.0 1 Min <= -18.0 0 Max Rain: 16.0 on day 13 Days of Rain: 24 (>= 0.2 mm) 12 (>= 2.0 mm) 0 (>= 20.0 mm) Heat Base: 18.3 Cool Base: 18.3 Method: Integration