NOAA-Style Climate Reports
Select a Year or Month report
2024: Jan Feb Mar Apr May Jun Jul Aug Sep Oct Nov Dec
2023: Jan Feb Mar Apr May Jun Jul Aug Sep Oct Nov Dec
2022: Jan Feb Mar Apr May Jun Jul Aug Sep Oct Nov Dec
2021: Jan Feb Mar Apr May Jun Jul Aug Sep Oct Nov Dec
2020: Jan Feb Mar Apr May Jun Jul Aug Sep Oct Nov Dec
2019: Jan Feb Mar Apr May Jun Jul Aug Sep Oct Nov Dec
2018: Jan Feb Mar Apr May Jun Jul Aug Sep Oct Nov Dec
2017: Jan Feb Mar Apr May Jun Jul Aug Sep Oct Nov Dec
2016: Jan Feb Mar Apr May Jun Jul Aug Sep Oct Nov Dec
2015: Jan Feb Mar Apr May Jun Jul Aug Sep Oct Nov Dec
2014: Jan Feb Mar Apr May Jun Jul Aug Sep Oct Nov Dec
2013: Jan Feb Mar Apr May Jun Jul Aug Sep Oct Nov Dec
2024: Jan Feb Mar Apr May Jun Jul Aug Sep Oct Nov Dec
2023: Jan Feb Mar Apr May Jun Jul Aug Sep Oct Nov Dec
2022: Jan Feb Mar Apr May Jun Jul Aug Sep Oct Nov Dec
2021: Jan Feb Mar Apr May Jun Jul Aug Sep Oct Nov Dec
2020: Jan Feb Mar Apr May Jun Jul Aug Sep Oct Nov Dec
2019: Jan Feb Mar Apr May Jun Jul Aug Sep Oct Nov Dec
2018: Jan Feb Mar Apr May Jun Jul Aug Sep Oct Nov Dec
2017: Jan Feb Mar Apr May Jun Jul Aug Sep Oct Nov Dec
2016: Jan Feb Mar Apr May Jun Jul Aug Sep Oct Nov Dec
2015: Jan Feb Mar Apr May Jun Jul Aug Sep Oct Nov Dec
2014: Jan Feb Mar Apr May Jun Jul Aug Sep Oct Nov Dec
2013: Jan Feb Mar Apr May Jun Jul Aug Sep Oct Nov Dec
Report for 2020 July
Monthly Climatological Summary for Jul 2020 Name: Conlig Weather Station City: Newtownards State: Co. Down Elevation: 46 ft Lat: N 54° 38' 02" Lon: W 005° 40' 18" Temperature (°C), Rain (mm), Wind Speed (mph) Heat Cool Avg Mean Deg Deg Wind Dom Day Temp High Time Low Time Days Days Rain Speed High Time Dir ---------------------------------------------------------------------------------- 01 13.6 16.9 14:01 11.8 04:23 4.7 0.0 1.6 0.0 8.0 23:40 NW 02 12.9 15.4 14:08 11.2 23:58 5.4 0.0 0.2 1.0 11.0 12:53 NE 03 13.1 17.2 15:12 10.8 23:40 5.2 0.0 15.8 2.6 17.0 15:00 SSW 04 13.6 16.8 15:04 10.3 02:10 4.7 0.0 3.8 1.3 17.0 23:41 SSW 05 13.3 15.9 00:00 11.3 05:53 5.0 0.0 3.8 6.5 29.0 12:24 W 06 13.7 16.9 14:38 11.2 03:32 4.6 0.0 0.2 4.8 24.0 04:45 WNW 07 12.7 15.2 17:43 10.6 04:52 5.6 0.0 0.0 2.3 14.0 13:57 SSW 08 12.4 15.8 12:38 9.1 04:57 5.9 0.0 4.2 0.8 9.0 07:28 NE 09 13.8 16.8 14:15 11.4 23:15 4.4 0.0 3.4 2.8 16.0 14:20 NNW 10 13.0 16.6 18:01 9.4 03:40 5.3 0.0 1.6 4.0 18.0 16:34 WNW 11 13.2 16.8 16:26 10.1 05:50 5.1 0.0 0.0 2.5 13.0 01:24 W 12 14.6 20.1 13:33 8.4 04:06 3.8 0.1 0.0 3.1 20.0 14:20 S 13 16.1 20.0 16:24 12.8 23:53 2.3 0.1 0.8 2.7 16.0 09:41 W 14 12.9 14.7 11:28 10.9 04:09 5.4 0.0 4.8 2.0 12.0 00:41 W 15 14.1 16.0 17:59 12.4 02:35 4.2 0.0 0.2 2.4 17.0 20:07 WNW 16 18.1 23.1 16:35 14.2 01:46 1.5 1.3 0.0 2.8 20.0 14:45 WSW 17 15.4 18.3 13:34 12.8 22:24 2.9 0.0 4.6 2.2 17.0 01:35 WSW 18 14.1 18.1 15:18 11.6 06:00 4.2 0.0 0.8 1.8 12.0 10:55 WNW 19 14.0 18.7 17:08 9.5 04:53 4.3 0.0 0.0 3.2 17.0 13:39 WNW 20 13.3 16.3 13:27 11.2 00:12 5.0 0.0 0.0 2.3 14.0 09:58 WNW 21 14.3 18.0 12:08 10.8 04:06 4.0 0.0 0.0 1.7 14.0 16:23 S 22 16.0 20.4 17:39 12.6 07:08 2.6 0.3 6.4 2.6 16.0 06:52 SW 23 15.2 16.8 11:28 12.6 23:58 3.1 0.0 10.0 1.7 14.0 00:08 W 24 13.9 16.0 12:07 10.4 04:53 4.4 0.0 2.8 2.3 18.0 15:39 S 25 15.9 18.4 15:53 11.8 23:39 2.4 0.0 1.4 2.5 16.0 06:35 WSW 26 14.9 18.9 17:19 11.3 04:07 3.5 0.0 0.8 2.5 15.0 10:00 SW 27 14.2 16.5 12:45 12.3 23:58 4.1 0.0 16.6 3.5 21.0 13:50 W 28 13.1 16.2 18:26 10.3 05:45 5.2 0.0 1.2 4.3 23.0 10:59 WNW 29 13.7 17.3 14:52 10.9 05:06 4.6 0.0 0.2 1.9 14.0 19:19 SSW 30 15.2 17.0 13:33 13.1 00:05 3.1 0.0 5.8 4.9 23.0 15:17 S 31 18.0 21.1 10:02 15.1 04:48 0.9 0.6 0.0 3.0 16.0 11:07 S ---------------------------------------------------------------------------------- 14.3 23.1 16 8.4 12 127.4 2.4 91.0 2.6 29.0 5 WSW Max >= 27.0 0 Max <= 0.0 0 Min <= 0.0 0 Min <= -18.0 0 Max Rain: 16.6 on day 27 Days of Rain: 23 (>= 0.2 mm) 12 (>= 2.0 mm) 0 (>= 20.0 mm) Heat Base: 18.3 Cool Base: 18.3 Method: Integration