NOAA-Style Climate Reports
Select a Year or Month report
2024: Jan Feb Mar Apr May Jun Jul Aug Sep Oct Nov Dec
2023: Jan Feb Mar Apr May Jun Jul Aug Sep Oct Nov Dec
2022: Jan Feb Mar Apr May Jun Jul Aug Sep Oct Nov Dec
2021: Jan Feb Mar Apr May Jun Jul Aug Sep Oct Nov Dec
2020: Jan Feb Mar Apr May Jun Jul Aug Sep Oct Nov Dec
2019: Jan Feb Mar Apr May Jun Jul Aug Sep Oct Nov Dec
2018: Jan Feb Mar Apr May Jun Jul Aug Sep Oct Nov Dec
2017: Jan Feb Mar Apr May Jun Jul Aug Sep Oct Nov Dec
2016: Jan Feb Mar Apr May Jun Jul Aug Sep Oct Nov Dec
2015: Jan Feb Mar Apr May Jun Jul Aug Sep Oct Nov Dec
2014: Jan Feb Mar Apr May Jun Jul Aug Sep Oct Nov Dec
2013: Jan Feb Mar Apr May Jun Jul Aug Sep Oct Nov Dec
2024: Jan Feb Mar Apr May Jun Jul Aug Sep Oct Nov Dec
2023: Jan Feb Mar Apr May Jun Jul Aug Sep Oct Nov Dec
2022: Jan Feb Mar Apr May Jun Jul Aug Sep Oct Nov Dec
2021: Jan Feb Mar Apr May Jun Jul Aug Sep Oct Nov Dec
2020: Jan Feb Mar Apr May Jun Jul Aug Sep Oct Nov Dec
2019: Jan Feb Mar Apr May Jun Jul Aug Sep Oct Nov Dec
2018: Jan Feb Mar Apr May Jun Jul Aug Sep Oct Nov Dec
2017: Jan Feb Mar Apr May Jun Jul Aug Sep Oct Nov Dec
2016: Jan Feb Mar Apr May Jun Jul Aug Sep Oct Nov Dec
2015: Jan Feb Mar Apr May Jun Jul Aug Sep Oct Nov Dec
2014: Jan Feb Mar Apr May Jun Jul Aug Sep Oct Nov Dec
2013: Jan Feb Mar Apr May Jun Jul Aug Sep Oct Nov Dec
Report for 2019 September
Monthly Climatological Summary for Sep 2019 Elevation: 45m Latitude: 54.634 Longitude: -5.672 Temperature in °C, Rain in mm, Wind Speed in mph and Pressure in hPa AVG AVG DOM DAY TEMP HIGH TIME LOW TIME RAIN WIND HIGH TIME DIR BAROM HUM ---------------------------------------------------------------------------------- 01 12.7 16.9 15:11 9.7 04:05 0.8 2.7 19.0 14:03 257 1016.3 81 02 13.3 15.3 17:44 11.1 03:00 2.6 4.4 21.0 22:35 228 1018.0 91 03 16.1 19.7 14:15 13.7 23:58 2.8 3.5 19.0 13:22 224 1015.8 90 04 12.0 15.0 14:02 9.7 06:19 1.0 6.7 27.1 17:36 274 1013.6 86 05 13.7 18.6 16:31 9.6 06:01 0.0 4.4 21.0 15:49 266 1024.9 78 06 13.9 16.4 14:42 12.0 07:32 1.2 5.1 21.0 03:47 267 1018.4 83 07 13.2 15.7 14:17 10.2 23:54 0.0 2.3 16.1 09:53 330 1026.4 81 08 13.2 16.7 17:14 8.8 04:40 1.6 1.7 11.0 09:59 208 1022.2 88 09 13.3 15.9 16:03 10.4 23:55 2.2 3.0 17.0 14:38 287 1012.4 88 10 12.3 15.3 14:20 9.0 03:39 0.6 4.0 23.0 20:44 239 1017.0 86 11 15.5 18.6 14:54 13.4 06:52 1.4 4.9 28.0 02:00 250 1014.0 81 12 13.8 18.0 12:11 10.9 23:00 5.0 3.2 17.0 12:04 243 1022.4 89 13 12.9 17.9 15:45 8.0 06:51 0.0 1.8 13.0 01:49 253 1035.3 79 14 14.7 18.6 14:01 9.9 02:51 0.0 4.8 27.1 17:28 214 1028.3 78 15 13.0 15.9 00:00 11.6 21:14 0.0 1.5 16.1 00:16 258 1023.9 85 16 13.3 16.8 15:01 11.3 03:49 0.0 1.8 12.1 23:52 295 1024.6 78 17 12.2 15.5 15:15 9.1 23:56 0.0 2.0 12.1 14:04 308 1028.0 81 18 12.9 17.8 16:35 7.7 03:46 0.0 1.0 9.0 05:21 273 1030.5 83 19 13.9 20.6 13:47 7.5 06:28 0.0 1.3 11.0 15:47 139 1030.7 84 20 15.3 19.9 12:38 11.1 03:16 0.0 2.2 16.1 22:52 152 1023.1 87 21 16.1 19.5 15:44 12.9 06:25 0.0 4.0 18.0 09:50 131 1008.9 80 22 15.2 16.5 00:00 14.2 21:11 10.4 1.3 12.1 09:01 146 1001.0 95 23 14.3 16.4 13:32 11.8 08:11 4.2 4.0 24.0 20:15 169 1001.7 93 24 15.5 18.8 15:36 12.0 23:08 5.4 2.3 15.0 06:12 168 996.2 95 25 15.3 20.2 13:57 11.2 05:26 4.6 2.0 15.0 18:09 224 996.2 91 26 13.3 16.0 14:23 10.8 23:52 7.6 3.9 18.0 13:10 205 993.4 91 27 11.9 15.7 15:10 9.8 03:58 4.6 2.3 18.0 15:15 228 995.8 91 28 13.1 16.6 15:22 9.7 07:45 4.2 1.7 19.0 02:32 220 1000.8 90 29 13.0 16.4 15:46 11.2 07:06 7.6 2.6 18.0 12:29 335 999.8 90 30 11.9 15.1 11:05 9.7 06:33 9.4 2.2 19.0 23:08 169 1006.2 92 ---------------------------------------------------------------------------------- MONTH 13.7 20.6 19 7.5 19 77.2 3.0 28.0 11 SW 1014.9 86